{"id":65,"date":"2016-10-10T16:25:06","date_gmt":"2016-10-10T16:25:06","guid":{"rendered":"http:\/\/192.168.1.1\/home\/?page_id=65"},"modified":"2023-01-24T14:20:37","modified_gmt":"2023-01-24T14:20:37","slug":"informacion-cursos","status":"publish","type":"page","link":"https:\/\/w3.educacionvirtualavanzada.mx\/home\/informacion-cursos\/","title":{"rendered":"Informaci\u00f3n cursos"},"content":{"rendered":"[vc_row][vc_column][vc_column_text]\n<h1><strong>Informaci\u00f3n sobre los cursos de EVA<\/strong><\/h1>\n[\/vc_column_text][vc_single_image image=\u00bb66&#8243; img_size=\u00bbfull\u00bb][vc_column_text]Las nuevas tendencias educacionales est\u00e1n orientadas hacia las plataformas en l\u00ednea, ya que permiten la preparaci\u00f3n, formaci\u00f3n y especializaci\u00f3n de todas aquellas personas que tengan como meta y necesidad la superaci\u00f3n profesional y personal. Es por eso que nuestros cursos est\u00e1n creados y dise\u00f1ados de tal manera que sean aprovechados al m\u00e1ximo por los alumnos.<\/p>\n<p>Si desea mayor informaci\u00f3n o deseas adquirir nuestros cursos, lecciones o diplomados por favor da un click en el siguiente enlace:[\/vc_column_text][\/vc_column][\/vc_row][vc_row][vc_column][vc_empty_space height=\u00bb25px\u00bb][vc_column_text]<a class=\"fasc-button fasc-size-medium fasc-type-flat\" style=\"background-color: #efb05d; color: #ffffff;\" href=\"https:\/\/w3.educacionvirtualavanzada.mx\/home\/contacto\/\">Cont\u00e1ctanos<\/a>[\/vc_column_text][\/vc_column][\/vc_row]\n","protected":false},"excerpt":{"rendered":"<p>[vc_row][vc_column][vc_column_text] Informaci\u00f3n sobre los cursos de EVA [\/vc_column_text][vc_single_image image=\u00bb66&#8243; img_size=\u00bbfull\u00bb][vc_column_text]Las nuevas tendencias educacionales est\u00e1n orientadas hacia las plataformas en l\u00ednea, ya que permiten la preparaci\u00f3n, formaci\u00f3n y especializaci\u00f3n de todas aquellas personas que tengan como meta y necesidad la superaci\u00f3n <a href=\"https:\/\/w3.educacionvirtualavanzada.mx\/home\/informacion-cursos\/\" class=\"read-more\">Lee m\u00e1s&#8230;<\/a><\/p>\n","protected":false},"author":7,"featured_media":0,"parent":0,"menu_order":0,"comment_status":"closed","ping_status":"closed","template":"","meta":[],"_links":{"self":[{"href":"https:\/\/w3.educacionvirtualavanzada.mx\/home\/wp-json\/wp\/v2\/pages\/65"}],"collection":[{"href":"https:\/\/w3.educacionvirtualavanzada.mx\/home\/wp-json\/wp\/v2\/pages"}],"about":[{"href":"https:\/\/w3.educacionvirtualavanzada.mx\/home\/wp-json\/wp\/v2\/types\/page"}],"author":[{"embeddable":true,"href":"https:\/\/w3.educacionvirtualavanzada.mx\/home\/wp-json\/wp\/v2\/users\/7"}],"replies":[{"embeddable":true,"href":"https:\/\/w3.educacionvirtualavanzada.mx\/home\/wp-json\/wp\/v2\/comments?post=65"}],"version-history":[{"count":8,"href":"https:\/\/w3.educacionvirtualavanzada.mx\/home\/wp-json\/wp\/v2\/pages\/65\/revisions"}],"predecessor-version":[{"id":482,"href":"https:\/\/w3.educacionvirtualavanzada.mx\/home\/wp-json\/wp\/v2\/pages\/65\/revisions\/482"}],"wp:attachment":[{"href":"https:\/\/w3.educacionvirtualavanzada.mx\/home\/wp-json\/wp\/v2\/media?parent=65"}],"curies":[{"name":"wp","href":"https:\/\/api.w.org\/{rel}","templated":true}]}}